at are the prime factors of 989672?
2, 17, 19, 383
What are the prime factors of 9571?
17, 563
What are the prime factors of 147473?
89, 1657
List the prime factors of 3549414.
2, 3, 11, 4889
What are the prime factors of 981334?
2, 239, 2053
List the prime factors of 7582030.
2, 5, 758203
List the prime factors of 3378852.
2, 3, 17, 5521
What are the prime factors of 90253?
17, 5309
What are the prime factors of 1797131?
7, 139, 1847
What are the prime factors of 1551350?
2, 5, 19, 23, 71
What are the prime factors of 13290345?
3, 5, 17, 5791
List the prime factors of 3059097.
3, 1019699
What are the prime factors of 1103686?
2, 551843
List the prime factors of 1283901.
3, 427967
What are the prime factors of 639782?
2, 11, 13, 2237
What are the prime factors of 280255?
5, 23, 2437
List the prime factors of 51478.
2, 7, 3677
What are the prime factors of 1230434?
2, 277, 2221
List the prime factors of 140553.
3, 7, 23, 97
List the prime factors of 284655.
3, 5, 7, 2711
What are the prime factors of 8226896?
2, 41, 12541
List the prime factors of 1563376.
2, 97711
What are the prime factors of 214067?
7, 53, 577
What are the prime factors of 66286?
2, 11, 23, 131
List the prime factors of 8483464.
2, 11, 149, 647
What are the prime factors of 2797868?
2, 97, 7211
What are the prime factors of 916546?
2, 31, 14783
What are the prime factors of 29781567?
3, 67, 101, 163
List the prime factors of 465594.
2, 3, 73, 1063
List the prime factors of 436518.
2, 3, 24251
What are the prime factors of 1708553?
7, 11, 22189
List the prime factors of 36177.
3, 31, 389
What are the prime factors of 147479?
139, 1061
List the prime factors of 7220447.
13, 555419
List the prime factors of 406019.
23, 127, 139
What are the prime factors of 1463?
7, 11, 19
What are the prime factors of 186911?
311, 601
What are the prime factors of 686993?
686993
List the prime factors of 23597460.
2, 3, 5, 89, 491
List the prime factors of 82288.
2, 37, 139
List the prime factors of 7425129.
3, 271, 9133
List the prime factors of 3348430.
2, 5, 334843
List the prime factors of 33394703.
43, 467, 1663
List the prime factors of 325695.
3, 5, 21713
What are the prime factors of 171061?
11, 15551
What are the prime factors of 2083953?
3, 694651
List the prime factors of 1864701.
3, 23021
List the prime factors of 1026598.
2, 233, 2203
List the prime factors of 1482349.
11, 17, 7927
List the prime factors of 44338.
2, 7, 3167
What are the prime factors of 3532649?
37, 307, 311
List the prime factors of 645120.
2, 3, 5, 7
List the prime factors of 4472025.
3, 5, 59627
List the prime factors of 99744.
2, 3, 1039
List the prime factors of 4370183.
821, 5323
List the prime factors of 833152.
2, 23, 283
What are the prime factors of 89353?
11, 8123
What are the prime factors of 2540741?
7, 23, 43, 367
List the prime factors of 14236754.
2, 7, 53, 2741
What are the prime factors of 84659?
84659
What are the prime factors of 3768495?
3, 5, 251233
List the prime factors of 953949.
3, 317983
List the prime factors of 127611.
3, 11, 1289
List the prime factors of 3493.
7, 499
What are the prime factors of 3199227?
3, 1066409
What are the prime factors of 345502?
2, 172751
List the prime factors of 301368.
2, 3, 29, 433
What are the prime factors of 157542?
2, 3, 7, 11, 31
What are the prime factors of 6055193?
6055193
List the prime factors of 21463931.
21463931
List the prime factors of 3631008.
2, 3, 109, 347
What are the prime factors of 1025659?
1025659
List the prime factors of 615847.
19, 32413
What are the prime factors of 1473451?
7, 37, 5689
What are the prime factors of 24779932?
2, 6194983
List the prime factors of 93543.
3, 31181
What are the prime factors of 535790?
2, 5, 131, 409
List the prime factors of 215710.
2, 5, 11, 37, 53
What are the prime factors of 6475549?
251, 25799
What are the prime factors of 4669583?
4669583
List the prime factors of 438399.
3, 13, 1249
List the prime factors of 7232649.
3, 23, 37, 2833
List the prime factors of 8811667.
8811667
What are the prime factors of 32267607?
3, 10755869
List the prime factors of 781200.
2, 3, 5, 7, 31
What are the prime factors of 16339456?
2, 7, 47, 97
What are the prime factors of 1237262?
2, 13, 23, 2069
What are the prime factors of 2258944?
2, 1103
List the prime factors of 279989.
41, 6829
List the prime factors of 177657.
3, 59219
List the prime factors of 13272738.
2, 3, 2212123
List the prime factors of 1428953.
1428953
What are the prime factors of 16583685?
3, 5, 1105579
What are the prime factors of 27023813?
107, 252559
What are the prime factors of 1035698?
2, 43, 12043
List the prime factors of 235718.
2, 7, 113, 149
List the prime factors of 1756103.
619, 2837
List the prime factors of 133991.
11, 13, 937
What are the prime factors of 2371320?
2, 3, 5, 7, 941
What are the prime factors of 12197084?
2, 23, 233, 569
What are the prime factors of 309470?
2, 5, 7, 4421
What are the prime factors of 417758?
2, 11, 17, 1117
List the prime factors of 3035292.
2, 3, 13, 19457
What are the prime factors of 431027?
29, 89, 167
What are the prime factors of 217988?
2, 54497
What are the prime factors of 256675?
5, 10267
List the prime factors of 5913.
3, 73
List the prime factors of 39085408.
2, 79, 15461
What are the prime factors of 254390?
2, 5, 25439
List the prime factors of 1906172.
2, 41, 59, 197
List the prime factors of 1861835.
5, 372367
What are the prime factors of 82838?
2, 7, 61, 97
List the prime factors of 6454939.
757, 8527
What are the prime factors of 1378605?
3, 5, 73, 1259
What are the prime factors of 815432?
2, 101929
List the prime factors of 425482.
2, 229, 929
List the prime factors of 56205.
3, 5, 1249
What are the prime factors of 2375994?
2, 3, 461, 859
List the prime factors of 5056216.
2, 11, 57457
What are the prime factors of 284398?
2, 53, 2683
What are the prime factors of 2935741?
2935741
What are the prime factors of 2160861?
3, 659, 1093
What are the prime factors of 2350563?
3, 103, 7607
List the prime factors of 57934.
2, 83, 349
What are the prime factors of 2886526?
2, 97, 14879
List the prime factors of 289008.
2, 3, 223
What are the prime factors of 5269739?
5269739
List the prime factors of 147718.
2, 73859
List the prime factors of 3214393.
7, 13, 35323
What are the prime factors of 338551?
31, 67, 163
What are the prime factors of 971080?
2, 5, 11, 2207
What are the prime factors of 518895?
3, 5, 13, 887
What are the prime factors of 13307727?
3, 199, 22291
What are the prime factors of 4952455?
5, 131, 7561
What are the prime factors of 5862833?
5862833
List the prime factors of 526625.
5, 11, 383
What are the prime factors of 70591?
73, 967
List the prime factors of 2371795.
5, 474359
List the prime factors of 77687.
77687
What are the prime factors of 103498?
2, 51749
List the prime factors of 19531206.
2, 3, 120563
What are the prime factors of 234768?
2, 3, 67, 73
List the prime factors of 201094.
2, 100547
List the prime factors of 9525615.
3, 5, 11, 57731
What are the prime factors of 722039?
23, 31393
List the prime factors of 819763.
7, 117109
List the prime factors of 5069700.
2, 3, 5, 43, 131
List the prime factors of 330614.
2, 53, 3119
What are the prime factors of 1420346?
2, 677, 1049
List the prime factors of 816396.
2, 3, 7, 9719
List the prime factors of 8098245.
3, 5, 223, 269
What are the prime factors of 2520444?
2, 3, 210037
List the prime factors of 558381.
3, 373, 499
What are the prime factors of 1434384?
2, 3, 7, 1423
List the prime factors of 613200.
2, 3, 5, 7, 73
What are the prime factors of 301439?
37, 8147
List the prime factors of 21819196.
2, 7, 37, 21061
What are the prime factors of 1246203?
3, 7, 131, 151
What are the prime factors of 2941424?
2, 23, 7993
List the prime factors of 2191998.
2, 3, 365333
List the prime factors of 3144632.
2, 393079
List the prime factors of 255225.
3, 5, 41, 83
What are the prime factors of 518098?
2, 7, 23, 1609
What are the prime factors of 1320209?
11, 257, 467
List the prime factors of 6396669.
3, 439, 1619
What are the prime factors of 730760?
2, 5, 18269
List the prime factors of 1803100.
2, 5, 13, 19, 73
List the prime factors of 5773946.
2, 2886973
List the prime factors of 1067425.
5, 